 common factor of 28877521 and 967?
967
What is the highest common factor of 27006404 and 68?
68
What is the greatest common divisor of 66 and 960762?
66
Calculate the highest common factor of 225941683 and 1727.
1727
Calculate the highest common factor of 220011636 and 30420.
2028
Calculate the greatest common divisor of 40320570 and 1660.
830
Calculate the greatest common factor of 1081036 and 50248.
44
Calculate the greatest common factor of 3390 and 1918350.
30
What is the highest common divisor of 763540 and 34?
2
Calculate the highest common divisor of 5832 and 2627748.
108
What is the greatest common factor of 178352 and 17113?
157
Calculate the greatest common divisor of 731 and 47750858.
17
Calculate the highest common divisor of 6358 and 1451494.
374
What is the highest common divisor of 11346 and 8497056?
366
What is the highest common factor of 9310 and 853090?
490
Calculate the highest common divisor of 43138773 and 1098.
549
What is the highest common factor of 973 and 391479739?
973
Calculate the greatest common divisor of 403425 and 10494.
99
What is the highest common divisor of 6834 and 193766?
34
Calculate the greatest common factor of 53397916 and 88.
44
What is the greatest common factor of 72 and 35993979?
9
Calculate the greatest common divisor of 23395869 and 105.
21
What is the greatest common divisor of 66581138 and 104?
26
What is the highest common divisor of 70652 and 8364?
68
What is the greatest common factor of 112768015 and 2525?
505
What is the highest common divisor of 57078 and 3715488?
126
What is the greatest common divisor of 170 and 2693072?
34
What is the greatest common divisor of 9 and 50910693?
3
Calculate the greatest common divisor of 938 and 37827664.
938
What is the greatest common divisor of 210 and 164328605?
35
What is the highest common factor of 533 and 352391?
13
Calculate the greatest common divisor of 619800 and 600.
600
Calculate the highest common factor of 104944873 and 1606.
803
What is the greatest common factor of 15012507 and 5?
1
What is the greatest common factor of 8235 and 12062445?
915
Calculate the highest common divisor of 4200 and 93459900.
300
What is the highest common divisor of 75564777 and 747?
249
What is the highest common divisor of 28 and 150950030?
14
Calculate the highest common divisor of 8496396 and 272.
68
What is the highest common divisor of 3296 and 10403?
103
Calculate the highest common factor of 455 and 51995020.
35
Calculate the highest common factor of 54 and 281628846.
54
Calculate the highest common factor of 147774596 and 296.
148
Calculate the greatest common factor of 14160128 and 432.
16
What is the greatest common factor of 8550 and 6859?
19
Calculate the greatest common factor of 13416 and 45084.
156
What is the highest common factor of 10457650 and 152950?
350
Calculate the highest common factor of 1313431 and 161.
7
Calculate the greatest common factor of 7429436 and 2968.
28
What is the highest common factor of 27047 and 60999791?
629
What is the highest common divisor of 7866 and 968829?
1311
Calculate the greatest common factor of 4516776 and 1782.
594
What is the highest common factor of 92005 and 10?
5
Calculate the greatest common factor of 6152 and 1031998.
1538
Calculate the highest common factor of 69120792 and 11232.
936
What is the greatest common factor of 209287 and 2244?
17
What is the highest common divisor of 14878 and 351138?
86
What is the greatest common divisor of 3351185 and 455?
5
Calculate the highest common factor of 500971725 and 102.
51
Calculate the greatest common factor of 166132806 and 18207.
6069
Calculate the highest common factor of 94932 and 134460.
324
Calculate the greatest common factor of 7719 and 6821023.
2573
What is the highest common factor of 69673 and 62918?
193
Calculate the highest common factor of 8436 and 12448021.
703
What is the greatest common factor of 6097931 and 244979?
553
What is the highest common divisor of 8521809 and 23679?
2631
Calculate the greatest common factor of 450775 and 1473355.
1235
Calculate the highest common divisor of 264002284 and 48076.
2828
Calculate the highest common factor of 30302 and 933912.
218
Calculate the highest common divisor of 11058849 and 206769.
1317
Calculate the highest common divisor of 10142470 and 1586.
1586
Calculate the highest common factor of 6954 and 8839921.
19
What is the greatest common divisor of 1370952 and 2112?
264
What is the highest common divisor of 50365 and 309155?
35
What is the highest common factor of 225 and 236606175?
225
What is the highest common divisor of 6 and 386205?
3
What is the greatest common divisor of 58466 and 23026174?
1886
What is the highest common factor of 338508 and 3654?
18
Calculate the highest common divisor of 2946669 and 253.
11
Calculate the greatest common divisor of 1620 and 101400.
60
What is the highest common divisor of 105591 and 11912742?
1731
Calculate the greatest common factor of 504 and 22928112.
72
What is the greatest common divisor of 24 and 658736124?
12
Calculate the highest common divisor of 2177 and 22541902.
311
What is the highest common factor of 645 and 26729316?
129
What is the greatest common divisor of 1235 and 916617?
247
What is the greatest common factor of 28752280 and 75?
5
What is the highest common factor of 6327 and 2837049?
111
Calculate the greatest common divisor of 286670 and 20.
10
What is the highest common divisor of 11253 and 152339?
121
What is the greatest common factor of 1027110 and 570?
30
What is the greatest common factor of 154 and 7376096?
14
Calculate the greatest common divisor of 1318000 and 11203.
659
What is the highest common divisor of 3138876 and 1716?
156
What is the highest common factor of 7350 and 1705350?
150
Calculate the highest common divisor of 2662906 and 472.
118
What is the greatest common factor of 114888000 and 16000?
8000
What is the highest common divisor of 12441 and 109609357?
4147
Calculate the highest common divisor of 9342 and 269946.
54
What is the greatest common divisor of 2138985 and 1215?
45
What is the highest common divisor of 7819897 and 88351?
1667
What is the greatest common divisor of 18353455 and 119?
17
What is the greatest common divisor of 6 and 45535054?
2
What is the highest common divisor of 402 and 2647884?
6
What is the greatest common divisor of 160864 and 140299?
457
What is the greatest common divisor of 585 and 423558?
9
What is the highest common divisor of 21040152 and 7314?
318
What is the highest common factor of 22 and 649877426?
22
Calculate the greatest common factor of 360 and 21980520.
360
What is the highest common divisor of 714 and 6572778?
102
What is the greatest common factor of 160 and 1943456?
32
What is the highest common divisor of 2387977 and 266?
19
What is the highest common divisor of 3728 and 1935584?
16
What is the greatest common divisor of 9873187 and 8858?
43
What is the greatest common factor of 447 and 11313?
3
What is the highest common divisor of 25308 and 3386484?
684
Calculate the greatest common factor of 8 and 32772856.
8
What is the highest common factor of 3516 and 702219036?
3516
What is the greatest common divisor of 909 and 48457881?
909
Calculate the highest common divisor of 989902 and 37996.
118
Calculate the greatest common divisor of 24642 and 1390682.
74
Calculate the greatest common divisor of 49216 and 7169387.
769
What is the highest common divisor of 7682954 and 1216?
38
What is the highest common factor of 11935 and 20581?
11
Calculate the greatest common divisor of 534 and 719113414.
178
What is the highest common factor of 12011073 and 123?
123
What is the highest common factor of 78347 and 24?
1
What is the highest common divisor of 9219133 and 190883?
5159
Calculate the greatest common factor of 28292890 and 20.
10
What is the greatest common divisor of 58675 and 96575?
25
What is the greatest common divisor of 50 and 594397?
1
Calculate the greatest common divisor of 27159610 and 10.
10
Calculate the greatest common divisor of 1255503 and 737010.
1293
Calculate the greatest common divisor of 10059408 and 20.
4
What is the highest common divisor of 756 and 2669652?
108
What is the greatest common factor of 16993967 and 533?
41
What is the h